 + f - 12 = g*f, 0 = 5*a + 3*f - 30. Calculate the greatest common divisor of 66 and a.
6
Let a(i) = -i**2 - 6*i + 5. Let h be a(-6). Suppose 0*q = -4*q + 48. Let y be 20/q - 4/6. What is the greatest common divisor of y and h?
1
Let v = -30 + 32. Calculate the greatest common factor of v and 2.
2
Suppose 4*r = 3*r + 171. Let f be 76/(-16)*((1 - -1) + -6). What is the greatest common factor of f and r?
19
Suppose 3*d + 20 = -2*d. Let g = d - -10. Let k be (-1 - 0) + 3 + 28. What is the highest common factor of g and k?
6
Suppose -15 = -3*g + 51. Calculate the highest common factor of g and 88.
22
Suppose 4*q - 32 = f + 3*f, -25 = 5*f. Let c(g) = g. Let n be c(2). Suppose n*x - 3 = x. What is the greatest common factor of x and q?
3
Let i(h) = -h. Let j be i(-7). What is the greatest common divisor of 49 and j?
7
Let a(i) = i**3 + 6*i**2 + 4*i - 4. Let u be a(-3). Calculate the highest common divisor of u and 11.
11
Suppose -4 = 4*k + 2*f, 4*k + 3*f - 1 = -3. Let a be 1 + ((-18)/k)/1. Suppose 0 = 6*s - 4*s - a, -x = 2*s - 11. Calculate the greatest common factor of 4 and x.
1
Let z(l) = l**3 - l**2 - l. Let o be z(2). Let t be (2 - 2)/o - -24. Calculate the greatest common factor of 12 and t.
12
Let w(k) = -14*k**3 - k - 1. Let t be w(-1). What is the greatest common divisor of t and 42?
14
Let z = -18 + 18. Suppose c - 20 = -z. Calculate the greatest common divisor of c and 40.
20
Let x be 1/4 + (-30)/(-8). Suppose 4*l - x = 2*l. Let s be 41 + l - 4/4. Calculate the highest common factor of 14 and s.
14
Let p(x) = x**2 + 11*x + 4. Let o be p(-12). What is the greatest common factor of o and 128?
16
Let g = -6 - 2. Let m be (-82)/g*(-2 + 6). Let r = m + -26. What is the highest common divisor of r and 5?
5
Let k(n) = n**3 - 13*n**2 + 10*n + 25. Let d be k(12). What is the highest common divisor of d and 7?
1
Let t be 0/4 + -2 - -1. Let q be (62*2/t)/(-2). What is the greatest common factor of q and 93?
31
Let j = 53 + -32. Let k be 1/7 - (-1173)/j. What is the greatest common divisor of k and 14?
14
Let g(c) = -c - 3. Let v be g(-5). Suppose 5*l - 4*y = 56, -3*l - 5*y = v*l - 65. Let b = -15 - -23. Calculate the highest common divisor of l and b.
4
Let x be (-2)/(-4) + 10/4. Let o be 4 + -2*x/6. Let l = -28 - -52. What is the greatest common divisor of l and o?
3
Let w(b) = b**2 - 1. Let c be w(-3). What is the highest common divisor of 24 and c?
8
Suppose 4*b = -4, 3*k + 2*k + 4*b = -4. Suppose -3*z - 27 = -k*z. Let o be 6/z - (-44)/3. Calculate the highest common divisor of 154 and o.
14
Suppose 4*w - 9 = 4*m - w, -3*w - 39 = 5*m. Suppose 0 = 3*f + 19 - 115. Let c be f/18 + m/(-27). What is the highest common divisor of 2 and c?
2
Let n = 4 - -2. Suppose 5*z = -2*f - 6, -4*z + 4*f = -2*z - 12. Suppose d - n*d + 140 = z. Calculate the highest common factor of d and 70.
14
Suppose 5*f - 3*b = 14 - 117, -f - 23 = -3*b. Let j be (-98)/(-8) + 5/f. Suppose j + 6 = 3*g. Calculate the greatest common factor of g and 9.
3
Let l = 81 - 39. Calculate the highest common divisor of 6 and l.
6
Let i = 22 + 14. Calculate the greatest common factor of i and 27.
9
Let k = -10 - -42. What is the greatest common divisor of k and 256?
32
Let x(o) = -23*o**2 + 1. Let y be x(1). Let r = 37 + y. Let t be (-60)/(-1*(2 + -1)). Calculate the greatest common divisor of r and t.
15
Suppose -4*z + z + 2*j = -227, -79 = -z - j. What is the highest common divisor of 7 and z?
7
Let z(d) = 1. Let m(l) = -l - 3. Let u(c) = -m(c) - z(c). Let i be u(8). Calculate the highest common factor of i and 25.
5
Let u = 13 - 7. Let d be 5/(u/3 - 1). What is the highest common factor of d and 35?
5
Let o(b) = -12*b + 3. Let d be o(2). Let f be 2 - 3 - (-2 + d). What is the greatest common divisor of 11 and f?
11
Suppose -105 = -5*m - 0*m. Let d = m - -15. Let a = -2 - -11. What is the greatest common divisor of a and d?
9
Let t be 0 - (-3)/((-1)/(-1)). Suppose 19*m - 69 = 16*m. Let i = m - -10. Calculate the highest common divisor of t and i.
3
Suppose 3*o - 358 = 200. Let k = -96 + o. Calculate the highest common factor of k and 10.
10
Suppose -4*k - k + 105 = 0. Suppose 6*j - 35 = 7. Calculate the greatest common divisor of j and k.
7
Let z(v) = v**3 - 2*v**2 - 3*v + 3. Let m be z(2). Let d be m/(-1*(-2)/(-6)). Calculate the greatest common factor of 18 and d.
9
Suppose -71 = -3*s - 4*y - 0*y, 0 = -3*s - y + 56. What is the greatest common factor of s and 51?
17
Let f = 27 + -19. Let n = f - 13. Let p be ((-25)/(-4))/n*-8. What is the highest common divisor of 110 and p?
10
Suppose z = 6 + 19. Suppose -f + o - 28 = -128, 100 = f - 4*o. What is the highest common divisor of f and z?
25
Let k = -17 + 35. What is the greatest common factor of k and 3?
3
Suppose 12*x - 1152 = 4*x. Suppose -y + 2*l + 21 = -3*l, 0 = -5*y + 2*l + 82. What is the greatest common divisor of y and x?
16
Let o be ((-46)/6)/((-2)/12). Suppose -4*r + 2 = -o. What is the highest common factor of r and 6?
6
Suppose -4*w = -32 + 12. Let p be -9 + 8 - (-5 - 0). Suppose 8 - p = 4*z. What is the greatest common factor of w and z?
1
Let t be (-6)/4*(-32)/(-6). Let s = 37 - t. Suppose 4*k = -3*q + 17, -k + 4*q - 3*q + 6 = 0. Calculate the greatest common factor of s and k.
5
Suppose m + 0*m = -6. Let g = -1 - m. Suppose 3*s + 4*r = -6, -g*s - 6*r - 5 = -r. Calculate the greatest common divisor of 10 and s.
2
Suppose 3*f - 5*b = -0*f + 615, f + 5*b - 185 = 0. Calculate the highest common factor of 20 and f.
20
Let y be (-2444)/(-16) + (1 - 5)/(-16). Suppose -8 = k - 25. What is the greatest common factor of k and y?
17
Let k = -8 + 12. Suppose 9*l - k*l - 30 = 0. Suppose -4*c + c = -54. What is the highest common divisor of l and c?
6
Suppose v = -5*i + 25, 0*i + 2*i - 33 = -5*v. Let o be 27/v + (-2)/5. What is the greatest common factor of 1 and o?
1
Let o(q) = -2*q**3 - 6*q**2 + 3*q - 1. Let x be o(-5). What is the highest common divisor of 7 and x?
7
Suppose -156 = -6*k + 84. Calculate the highest common factor of 16 and k.
8
Let o(n) = n**3 - 6*n**2 + 5*n + 4. Let j be o(5). Let y be 2/(-5) + (-137)/(-5). Suppose d = j*d - y. Calculate the highest common divisor of d and 6.
3
Let y(o) = -o**3 - 11*o**2 - 2*o - 7. Let x be y(-11). Suppose 306 + 294 = 5*d. Calculate the greatest common factor of x and d.
15
Suppose -12*o - o = -468. Let i = -35 + 53. What is the highest common divisor of o and i?
18
Let z be 42/4 - (-3)/(-6). What is the greatest common divisor of 40 and z?
10
Let x be 44/6*6/4. Let u(q) = -5*q**2 - 8*q + 1 + 6 + 6*q**2. Let a be u(x). What is the highest common divisor of 10 and a?
10
Let z(p) = 6*p - 1. Let u be z(2). Let t be 1 - -1 - (0 + -3). Suppose t*f - 56 = -1. Calculate the highest common divisor of f and u.
11
Let z be (-164)/(-2) + 4/(-2). Let w be -40*((-42)/15 - -2). What is the greatest common divisor of w and z?
16
Let n(r) = -6*r**2 + 2*r - r + 8*r**2 - r**3 + 1. Let p be n(-2). Calculate the greatest common divisor of p and 75.
15
Let v be (-7)/(-2) - 6/(-4). Suppose q - 16 = v. Calculate the greatest common factor of 105 and q.
21
Suppose 1 = 2*j - 3*j. Let u be (6/(-4))/(j/2). Let o be (-2 + 1)*u*-2. Calculate the greatest common factor of o and 9.
3
Let g = -9 - -29. Suppose -y + 151 = -3*d, 0 = -2*y + d + d + 314. Calculate the greatest common factor of y and g.
20
Let d be (-4)/(-6)*54/12. Suppose -4*j + 2*k + 540 = 0, -5*j = -7*k + d*k - 681. What is the greatest common divisor of j and 19?
19
Let y(u) = 3*u**2 + 3*u + 4. Let h be y(-3). Let r = -16 + h. What is the highest common factor of r and 2?
2
Let g = -143 - -260. Calculate the greatest common divisor of g and 13.
13
Let h(k) be the third derivative of 5*k**4/24 + k**3/2 - k**2. Let t be h(-4). Let s be (-3)/(-6) - t/2. Calculate the highest common factor of 81 and s.
9
Suppose 36 = 4*l + 4*n, 2*l = -5*n + 20 + 4. Suppose 8 = 2*g - 6. What is the highest common divisor of l and g?
7
Let x(w) = -w**3 + 11*w**2 - 20*w - 1. Let n be x(8). What is the highest common divisor of n and 155?
31
Let g be 7/(28/8) + (0 - -2). Let h(p) = -8*p + 4. Let u be h(-3). What is the highest common factor of u and g?
4
Suppose -2 + 7 = a. Suppose -2*v = v - 5*r - 44, a*v + 3*r - 28 = 0. Calculate the highest common divisor of v and 64.
8
